{"id":15518,"date":"2014-12-19T19:46:23","date_gmt":"2014-12-19T19:46:23","guid":{"rendered":"http:\/\/www.bg71.hu\/bg71-wp\/?page_id=15518"},"modified":"2023-11-12T10:30:26","modified_gmt":"2023-11-12T09:30:26","slug":"glamour-budoir-fashion-fotozas","status":"publish","type":"page","link":"https:\/\/www.bg71.hu\/bg71-wp\/szolgaltatasok\/glamour-budoir-fashion-fotozas\/","title":{"rendered":"Glamour &#8211; Budoir &#8211; Fashion fot\u00f3z\u00e1s"},"content":{"rendered":"<section class=\"wpb-content-wrapper\"><p>[vc_row css_animation=&#8221;&#8221; row_type=&#8221;row&#8221; use_row_as_full_screen_section=&#8221;no&#8221; type=&#8221;grid&#8221; angled_section=&#8221;no&#8221; text_align=&#8221;left&#8221; background_image_as_pattern=&#8221;without_pattern&#8221;][vc_column][vc_separator type=&#8221;transparent&#8221; thickness=&#8221;20&#8243;][vc_column_text]<span style=\"font-size: x-large;\">Glamour &#8211; Budoir &#8211; Fashion fot\u00f3z\u00e1s<br \/>\n<\/span>[\/vc_column_text][vc_separator type=&#8221;transparent&#8221; thickness=&#8221;10&#8243;][vc_column_text]Amennyiben egyedi fot\u00f3sorozatra van sz\u00fcks\u00e9ge munk\u00e1hoz, aj\u00e1nd\u00e9kba, kar\u00e1csonyi napt\u00e1rhoz, vagy b\u00e1rmilyen c\u00e9lra, teljes k\u00f6r\u0171 szolg\u00e1ltat\u00e1st ny\u00fajtunk ezen a ter\u00fcleten: elk\u00e9sz\u00edtj\u00fck a sminket, frizur\u00e1t, v\u00e1laszthat m\u0171termi vagy szabadt\u00e9ri helysz\u00edneink k\u00f6z\u00fcl az ig\u00e9nyeknek megfelel\u0151en, a fot\u00f3z\u00e1s sor\u00e1n maxim\u00e1lis figyelemmel \u00e9s seg\u00edts\u00e9ggel k\u00e9sz\u00fclnek a k\u00e9pek (seg\u00edt\u00fcnk a felold\u00f3d\u00e1sban, a be\u00e1ll\u00edt\u00e1sokban \u00e9s mindenben is), az elk\u00e9sz\u00fclt k\u00e9peket prodfesszion\u00e1lis ut\u00f3munk\u00e1val var\u00e1zsoljuk t\u00f6k\u00e9letess\u00e9.<br \/>\nA fot\u00f3z\u00e1s t\u00f6rt\u00e9nhet Budapesten vagy Sz\u00e9kelyudvarhelyen, de helysz\u00edni kisz\u00e1ll\u00e1ssal, h\u00e1zhoz is megy\u00fcnk.<br \/>\nEgy \u00f3r\u00e1s fot\u00f3z\u00e1s alkalm\u00e1val 150-200 k\u00e9p k\u00e9sz\u00fcl, amelyek mindegyike \u00e1tad\u00e1sra ker\u00fcl (nyers fot\u00f3k is).<\/p>\n<p>&nbsp;<\/p>\n<p><strong>\u00c1RAK:<\/strong><br \/>\n&#8211; Alkalmi smink \u00e9s frizura fot\u00f3z\u00e1shoz: <strong>300 lej \/ 20.000 Ft.-<\/strong><br \/>\n&#8211; Egy \u00f3ra fot\u00f3z\u00e1s t\u00f6bb \u00e1t\u00f6lt\u00f6z\u00e9si lehet\u0151s\u00e9ggel: <strong>700 lej \/ 50.000 Ft.-<\/strong><br \/>\n&#8211; Plusz \u00f3r\u00e1k eset\u00e9n <strong>+ 150 lej \/ 10.000 Ft<\/strong> \u00f3r\u00e1nk\u00e9nt<br \/>\n&#8211; 10 darab k\u00e9p alap retus\u00e1l\u00e1sa (az \u00e1rban), azon fel\u00fcl k\u00e9penk\u00e9nt <strong>15 lej \/ 1000 Ft.-<\/strong><br \/>\n(k\u00fcl\u00f6nlegesebb retusl\u00e1si ig\u00e9nyek eset\u00e9n fel\u00e1r, amely megbesz\u00e9l\u00e9s k\u00e9rd\u00e9se)<br \/>\n&#8211; Helysz\u00ednek b\u00e9rleti d\u00edjai <strong>10.000 Ft<\/strong> \/ \u00f3r\u00e1t\u00f3l.<\/p>\n<p>&nbsp;<\/p>\n<p style=\"text-align: left;\">Visszafogottabb referenciak\u00e9pek a gal\u00e9ri\u00e1ban, illetve m\u00e9g t\u00f6bb k\u00e9p a Facebook-albumunkban <a href=\"https:\/\/www.facebook.com\/media\/set\/?set=a.1532766076971172.1073741829.1529969560584157&amp;type=3\" target=\"_blank\" rel=\"noopener noreferrer\">ITT L\u00c1THAT\u00d3<\/a><\/p>\n<p>[\/vc_column_text][vc_separator type=&#8221;transparent&#8221; thickness=&#8221;50&#8243;][\/vc_column][\/vc_row][vc_row css_animation=&#8221;&#8221; row_type=&#8221;row&#8221; use_row_as_full_screen_section=&#8221;no&#8221; type=&#8221;full_width&#8221; angled_section=&#8221;no&#8221; text_align=&#8221;left&#8221; background_image_as_pattern=&#8221;without_pattern&#8221;][vc_column][vc_gallery type=&#8221;image_grid&#8221; images=&#8221;18423,18424,18425,18426,18427,18428,18429,18430,18431,18433,18434,18437,18438,18432,18435,18436,18439,18440,18441,18442,18444,18450,18455,18459,18461,18462,18443,18445,18446,18447,18448,18449,18451,18452,18453,18454,18456,18457,18458,18460,18463,18464,18465,18466,18467&#8243; column_number=&#8221;5&#8243; grayscale=&#8221;no&#8221; images_space=&#8221;gallery_with_space&#8221;][\/vc_column][\/vc_row]<\/p>\n<\/section>","protected":false},"excerpt":{"rendered":"<p>[vc_row css_animation=&#8221;&#8221; row_type=&#8221;row&#8221; use_row_as_full_screen_section=&#8221;no&#8221; type=&#8221;grid&#8221; angled_section=&#8221;no&#8221; text_align=&#8221;left&#8221; background_image_as_pattern=&#8221;without_pattern&#8221;][vc_column][vc_separator type=&#8221;transparent&#8221; thickness=&#8221;20&#8243;][vc_column_text]Glamour &#8211; Budoir &#8211; Fashion fot\u00f3z\u00e1s [\/vc_column_text][vc_separator type=&#8221;transparent&#8221; thickness=&#8221;10&#8243;][vc_column_text]Amennyiben egyedi fot\u00f3sorozatra van sz\u00fcks\u00e9ge munk\u00e1hoz, aj\u00e1nd\u00e9kba, kar\u00e1csonyi napt\u00e1rhoz, vagy b\u00e1rmilyen c\u00e9lra, teljes k\u00f6r\u0171 szolg\u00e1ltat\u00e1st ny\u00fajtunk ezen a ter\u00fcleten: elk\u00e9sz\u00edtj\u00fck a sminket, frizur\u00e1t, v\u00e1laszthat m\u0171termi vagy szabadt\u00e9ri helysz\u00edneink&#8230;<\/p>\n","protected":false},"author":1,"featured_media":0,"parent":13629,"menu_order":0,"comment_status":"open","ping_status":"open","template":"full_width.php","meta":{"footnotes":""},"class_list":["post-15518","page","type-page","status-publish","hentry"],"_links":{"self":[{"href":"https:\/\/www.bg71.hu\/bg71-wp\/wp-json\/wp\/v2\/pages\/15518","targetHints":{"allow":["GET"]}}],"collection":[{"href":"https:\/\/www.bg71.hu\/bg71-wp\/wp-json\/wp\/v2\/pages"}],"about":[{"href":"https:\/\/www.bg71.hu\/bg71-wp\/wp-json\/wp\/v2\/types\/page"}],"author":[{"embeddable":true,"href":"https:\/\/www.bg71.hu\/bg71-wp\/wp-json\/wp\/v2\/users\/1"}],"replies":[{"embeddable":true,"href":"https:\/\/www.bg71.hu\/bg71-wp\/wp-json\/wp\/v2\/comments?post=15518"}],"version-history":[{"count":49,"href":"https:\/\/www.bg71.hu\/bg71-wp\/wp-json\/wp\/v2\/pages\/15518\/revisions"}],"predecessor-version":[{"id":18299,"href":"https:\/\/www.bg71.hu\/bg71-wp\/wp-json\/wp\/v2\/pages\/15518\/revisions\/18299"}],"up":[{"embeddable":true,"href":"https:\/\/www.bg71.hu\/bg71-wp\/wp-json\/wp\/v2\/pages\/13629"}],"wp:attachment":[{"href":"https:\/\/www.bg71.hu\/bg71-wp\/wp-json\/wp\/v2\/media?parent=15518"}],"curies":[{"name":"wp","href":"https:\/\/api.w.org\/{rel}","templated":true}]}}

Glamour &#8211; Budoir &#8211; Fashion fotózás

<section class="wpb-content-wrapper"><p>[vc_row css_animation=&#8221;&#8221; row_type=&#8221;row&#8221; use_row_as_full_screen_section=&#8221;no&#8221; type=&#8221;grid&#8221; angled_section=&#8221;no&#8221; text_align=&#8221;left&#8221; background_image_as_pattern=&#8221;without_pattern&#8221;][vc_column][vc_separator type=&#8221;transparent&#8221; thickness=&#8221;20&#8243;][vc_column_text]<span style="font-size: x-large;">Glamour &#8211; Budoir &#8211; Fashion fotózás<br />
</span>[/vc_column_text][vc_separator type=&#8221;transparent&#8221; thickness=&#8221;10&#8243;][vc_column_text]Amennyiben egyedi fotósorozatra van szüksége munkához, ajándékba, karácsonyi naptárhoz, vagy bármilyen célra, teljes körű szolgáltatást nyújtunk ezen a területen: elkészítjük a sminket, frizurát, választhat műtermi vagy szabadtéri helyszíneink közül az igényeknek megfelelően, a fotózás során maximális figyelemmel és segítséggel készülnek a képek (segítünk a feloldódásban, a beállításokban és mindenben is), az elkészült képeket prodfesszionális utómunkával varázsoljuk tökéletessé.<br />
A fotózás történhet Budapesten vagy Székelyudvarhelyen, de helyszíni kiszállással, házhoz is megyünk.<br />
Egy órás fotózás alkalmával 150-200 kép készül, amelyek mindegyike átadásra kerül (nyers fotók is).</p>
<p>&nbsp;</p>
<p><strong>ÁRAK:</strong><br />
&#8211; Alkalmi smink és frizura fotózáshoz: <strong>300 lej / 20.000 Ft.-</strong><br />
&#8211; Egy óra fotózás több átöltözési lehetőséggel: <strong>700 lej / 50.000 Ft.-</strong><br />
&#8211; Plusz órák esetén <strong>+ 150 lej / 10.000 Ft</strong> óránként<br />
&#8211; 10 darab kép alap retusálása (az árban), azon felül képenként <strong>15 lej / 1000 Ft.-</strong><br />
(különlegesebb retuslási igények esetén felár, amely megbeszélés kérdése)<br />
&#8211; Helyszínek bérleti díjai <strong>10.000 Ft</strong> / órától.</p>
<p>&nbsp;</p>
<p style="text-align: left;">Visszafogottabb referenciaképek a galériában, illetve még több kép a Facebook-albumunkban <a href="https://www.facebook.com/media/set/?set=a.1532766076971172.1073741829.1529969560584157&amp;type=3" target="_blank" rel="noopener noreferrer">ITT LÁTHATÓ</a></p>
<p>[/vc_column_text][vc_separator type=&#8221;transparent&#8221; thickness=&#8221;50&#8243;][/vc_column][/vc_row][vc_row css_animation=&#8221;&#8221; row_type=&#8221;row&#8221; use_row_as_full_screen_section=&#8221;no&#8221; type=&#8221;full_width&#8221; angled_section=&#8221;no&#8221; text_align=&#8221;left&#8221; background_image_as_pattern=&#8221;without_pattern&#8221;][vc_column][vc_gallery type=&#8221;image_grid&#8221; images=&#8221;18423,18424,18425,18426,18427,18428,18429,18430,18431,18433,18434,18437,18438,18432,18435,18436,18439,18440,18441,18442,18444,18450,18455,18459,18461,18462,18443,18445,18446,18447,18448,18449,18451,18452,18453,18454,18456,18457,18458,18460,18463,18464,18465,18466,18467&#8243; column_number=&#8221;5&#8243; grayscale=&#8221;no&#8221; images_space=&#8221;gallery_with_space&#8221;][/vc_column][/vc_row]</p>
</section>

<p>[vc_row css_animation=&#8221;&#8221; row_type=&#8221;row&#8221; use_row_as_full_screen_section=&#8221;no&#8221; type=&#8221;grid&#8221; angled_section=&#8221;no&#8221; text_align=&#8221;left&#8221; background_image_as_pattern=&#8221;without_pattern&#8221;][vc_column][vc_separator type=&#8221;transparent&#8221; thickness=&#8221;20&#8243;][vc_column_text]Glamour &#8211; Budoir &#8211; Fashion fotózás [/vc_column_text][vc_separator type=&#8221;transparent&#8221; thickness=&#8221;10&#8243;][vc_column_text]Amennyiben egyedi fotósorozatra van szüksége munkához, ajándékba, karácsonyi naptárhoz, vagy bármilyen célra, teljes körű szolgáltatást nyújtunk ezen a területen: elkészítjük a sminket, frizurát, választhat műtermi vagy szabadtéri helyszíneink&#8230;</p>
